ide 9986206?
True
Does 98 divide 1154573?
False
Is 75 a factor of 259926862?
False
Does 3288 divide 385534440?
True
Does 122 divide 635689418?
True
Is 4064242 a multiple of 91?
True
Is 86 a factor of 38487322?
True
Does 1191 divide 131054775?
False
Does 25 divide 15702194?
False
Is 450 a factor of 32580900?
True
Is 1414258058 a multiple of 9?
False
Does 14 divide 14099978?
False
Is 949300139 a multiple of 19?
False
Is 361906350 a multiple of 75?
True
Is 847863198 a multiple of 6?
True
Is 46461072 a multiple of 1069?
False
Is 91608759 a multiple of 3?
True
Is 62316306 a multiple of 234?
True
Does 3618 divide 339671962?
False
Does 398 divide 7468868?
True
Is 2324584 a multiple of 1049?
True
Is 128 a factor of 7182080?
True
Is 732 a factor of 63904332?
True
Is 177042575 a multiple of 24?
False
Does 4548 divide 140388586?
False
Is 3425403065 a multiple of 655?
True
Is 27213757 a multiple of 19?
True
Is 1052152413 a multiple of 1064?
False
Does 359 divide 1370975788?
False
Is 1294 a factor of 984734?
True
Does 43 divide 1050062196?
False
Does 567 divide 1213200261?
True
Does 5421 divide 31902495?
False
Does 61 divide 9550392?
False
Is 37890915 a multiple of 5?
True
Is 99602142 a multiple of 3477?
True
Is 1360 a factor of 10538640?
True
Does 3319 divide 584912075?
False
Is 956239900 a multiple of 539?
True
Is 29 a factor of 116658416?
True
Does 38 divide 1612214?
False
Is 23 a factor of 252648395?
False
Is 368107608 a multiple of 11?
True
Is 4663657 a multiple of 173?
False
Is 282 a factor of 242460045?
False
Is 12 a factor of 796884830?
False
Is 1479 a factor of 26363674?
False
Is 92 a factor of 119327956?
True
Does 10 divide 148373181?
False
Is 715 a factor of 188541925?
True
Is 99 a factor of 18002163?
False
Is 2672814 a multiple of 125?
False
Is 25 a factor of 185795473?
False
Does 543 divide 129090648?
True
Does 130 divide 1154627110?
True
Does 5 divide 2393220?
True
Is 1482 a factor of 497472924?
False
Is 17 a factor of 27114900?
False
Is 431 a factor of 33260701?
True
Does 4115 divide 262987137?
False
Is 1757 a factor of 111451781?
True
Is 365070264 a multiple of 447?
True
Does 1316 divide 25893939?
False
Does 12 divide 3169649652?
True
Is 129346145 a multiple of 13?
False
Is 60 a factor of 177379576?
False
Is 898019694 a multiple of 1014?
True
Does 110 divide 22454677?
False
Does 22 divide 471893130?
False
Does 248 divide 34022872?
True
Does 12 divide 7029027?
False
Is 1059227561 a multiple of 343?
True
Is 34995987 a multiple of 117?
True
Is 881666750 a multiple of 2890?
True
Does 458 divide 69380130?
True
Does 49 divide 5711009?
False
Does 77 divide 50262212?
True
Is 50 a factor of 44803732?
False
Does 3 divide 21846182?
False
Is 8 a factor of 18653768?
True
Does 9 divide 228873780?
True
Is 2537914102 a multiple of 3986?
True
Is 1370 a factor of 142181340?
True
Is 1284 a factor of 2011932887?
False
Is 135 a factor of 90121440?
False
Does 232 divide 67225480?
True
Does 408 divide 102968110?
False
Is 107 a factor of 563162971?
False
Is 38746633 a multiple of 5?
False
Is 30 a factor of 40034368?
False
Is 1245 a factor of 1094775103?
False
Is 2281 a factor of 941775118?
False
Does 2438 divide 6555782?
True
Is 137612525 a multiple of 8?
False
Does 2031 divide 3239838136?
False
Is 5 a factor of 7814920?
True
Does 18 divide 1276357032?
True
Is 133 a factor of 31721297?
False
Is 12 a factor of 52159248?
True
Does 50 divide 30121850?
True
Is 4562 a factor of 763377387?
False
Is 393294316 a multiple of 17?
False
Does 11 divide 190683203?
False
Does 23 divide 82105423?
True
Does 50 divide 47092650?
True
Is 2 a factor of 1731906?
True
Is 787742165 a multiple of 7?
True
Is 4339 a factor of 225849289?
True
Does 58 divide 57536116?
True
Does 14 divide 12225976?
True
Is 1011 a factor of 51210418?
False
Is 12 a factor of 697320?
True
Is 261227054 a multiple of 22?
True
Is 123977844 a multiple of 108?
True
Does 29 divide 21631332?
True
Is 54 a factor of 146843496?
True
Is 838395306 a multiple of 378?
True
Does 1063 divide 125171439?
True
Is 3893 a factor of 488073196?
True
Is 184999339 a multiple of 3414?
False
Is 113895893 a multiple of 2?
False
Does 22 divide 246331888?
True
Is 214107411 a multiple of 3?
True
Is 43034166 a multiple of 63?
True
Does 261 divide 121289571?
True
Does 52 divide 992614064?
True
Is 13 a factor of 24836825?
True
Does 153 divide 75187719?
True
Is 71 a factor of 5613260?
True
Is 28780884 a multiple of 12?
True
Is 7 a factor of 4580233?
True
Is 292121265 a multiple of 761?
True
Is 19 a factor of 10054382?
True
Is 374 a factor of 1903504412?
False
Does 3 divide 1970408?
False
Does 29 divide 274650474?
True
Does 606 divide 244259814?
True
Is 83 a factor of 64926086?
True
Is 547738 a multiple of 114?
False
Is 559709181 a multiple of 150?
False
Is 925339472 a multiple of 3875?
False
Does 1774 divide 195140000?
True
Is 7499200 a multiple of 32?
True
Is 708 a factor of 86807172?
True
Is 15 a factor of 913525710?
True
Does 93 divide 173556929?
False
Is 15 a factor of 92314469?
False
Does 5882 divide 696000589?
False
Is 149537152 a multiple of 8?
True
Is 19186267 a multiple of 227?
True
Does 159 divide 7479374?
False
Does 1210 divide 92344207?
False
Is 82623536 a multiple of 34?
True
Does 584 divide 121157655?
False
Does 63 divide 45225936?
True
Is 407 a factor of 123198900?
True
Is 112 a factor of 321136976?
False
Is 2367 a factor of 134895330?
True
Does 142 divide 3351626?
True
Is 68142758 a multiple of 1706?
True
Does 1064 divide 452773496?
True
Is 100951841 a multiple of 4987?
True
Does 15 divide 41525513?
False
Is 1734 a factor of 223266791?
False
Is 915184212 a multiple of 24?
False
Is 1077387400 a multiple of 2498?
True
Does 113 divide 14701007?
False
Does 1126 divide 5332736?
True
Is 19718356 a multiple of 217?
True
Does 35 divide 1351643195?
True
Does 4 divide 17192012?
True
Does 258 divide 149382?
True
Is 87 a factor of 2277089?
False
Is 25254979 a multiple of 3788?
False
Is 1599 a factor of 5907017805?
True
Is 1762877732 a multiple of 171?
False
Is 1681120 a multiple of 20?
True
Is 87 a factor of 44191404?
False
Does 1890 divide 144167310?
True
Is 212 a factor of 337702952?
False
Is 170 a factor of 14474130?
False
Is 26973021 a multiple of 159?
False
Is 12 a factor of 217609800?
True
Does 320 divide 2208359422?
False
Is 31659339 a multiple of 123?
True
Is 601594140 a multiple of 35?
True
Does 33 divide 40879703?
False
Is 109 a factor of 629242799?
False
Is 207459596 a multiple of 2188?
True
Is 73 a factor of 4001637957?
False
Does 953 divide 88729065?
True
Does 2883 divide 69483183?
True
Does 17 divide 37769450?
False
Is 273 a factor of 1623090720?
False
Is 2181 a factor of 5767536726?
True
Is 741 a factor of 469630980?
True
Is 52917293 a multiple of 1573?
True
Is 5 a factor of 1352414510?
True
Is 15887 a factor of 5625856779?
True
Is 27 a factor of 474793650?
True
Is 79371553 a multiple of 29?
False
Is 43090019 a multiple of 245?
False
Is 268 a factor of 73404511?
False
Does 86 divide 8281284?
True
Does 16 divide 909821584?
True
Is 33 a factor of 23916189?
True
Is 1321301020 a multiple of 5?
True
Is 462 a factor of 74719722?
True
Does 3553 divide 305110322?
True
Is 4087 a factor of 231034023?
True
Is 146044838 a multiple of 16?
False
Does 15 divide 60791805?
True
Does 11 divide 104556496?
True
Is 740507090 a multiple of 2673?
False
Is 275 a factor of 16785835?
False
Does 2939 divide 299278370?
True
Is 577 a factor of 585630189?
True
Is 1361 a factor of 74467115?
True
Is 7 a factor of 222699610?
True
Does 6477 divide 643021962?
False
Is 50 a factor of 3792350?
True
Is 89 a factor of 172494104?
True
Is 123811870 a multiple of 1203?
False
Is 13 a factor of 98677124?
True
Does 798 divide 22665594?
True
Is 1713536674 a multiple of 787?
True
Is 658550298 a multiple of 651?
True
Is 25391000 a multiple of 34?
False
Is 109 a factor of 29840237?
False
Is 35 a factor of 169483019?
False
Does 109 divide 39128461?
False
Is 4900116232 a multiple of 412?
True
Does 19 divide 104756289?
False
Does 5923 divide 202354364?
False
Is 815119979 a multiple of 121?
False
Does 1313 divide 27608451?
True
Is 1687354425 a multiple of 225?
True
Is 270 a factor of 3220705800?
True
Is 5800109 a multiple of 152?
False
Is 45710608 a multiple of 173?
False
Is